{"id":427,"date":"2022-05-06T11:10:11","date_gmt":"2022-05-06T09:10:11","guid":{"rendered":"https:\/\/www.squeeze45.fr\/?page_id=427"},"modified":"2025-02-17T10:20:20","modified_gmt":"2025-02-17T09:20:20","slug":"concerts-passes","status":"publish","type":"page","link":"https:\/\/www.squeeze45.fr\/index.php\/concerts-passes\/","title":{"rendered":"Concerts pass\u00e9s"},"content":{"rendered":"\n<h2>NOS CONCERTS PASSES :<\/h2>\n\n\n\n<h3><a rel=\"noreferrer noopener\" href=\"https:\/\/www.facebook.com\/profile.php?id=100087555229053\" target=\"_blank\">LE DIABOLO<\/a> &#8211; Poilly lez Gien (45)<\/h3>\n\n\n\n<p>Le 24 janvier 2025 \u00e0 20h30<\/p>\n\n\n\n<p>200 route de Bourges<\/p>\n\n\n\n<p>45500 Poilly Les Gien<\/p>\n\n\n\n<figure class=\"wp-block-image size-large is-resized\"><img fetchpriority=\"high\" src=\"https:\/\/www.squeeze45.fr\/wp-content\/uploads\/2025\/02\/8ae26d5e-a9a1-40aa-9a57-94834359d5e7-1024x461.jpg\" alt=\"\" class=\"wp-image-810\" width=\"526\" height=\"236\" srcset=\"https:\/\/www.squeeze45.fr\/wp-content\/uploads\/2025\/02\/8ae26d5e-a9a1-40aa-9a57-94834359d5e7-1024x461.jpg 1024w, https:\/\/www.squeeze45.fr\/wp-content\/uploads\/2025\/02\/8ae26d5e-a9a1-40aa-9a57-94834359d5e7-300x135.jpg 300w, https:\/\/www.squeeze45.fr\/wp-content\/uploads\/2025\/02\/8ae26d5e-a9a1-40aa-9a57-94834359d5e7-768x346.jpg 768w, https:\/\/www.squeeze45.fr\/wp-content\/uploads\/2025\/02\/8ae26d5e-a9a1-40aa-9a57-94834359d5e7-1536x691.jpg 1536w, https:\/\/www.squeeze45.fr\/wp-content\/uploads\/2025\/02\/8ae26d5e-a9a1-40aa-9a57-94834359d5e7-2048x922.jpg 2048w\" sizes=\"(max-width: 526px) 100vw, 526px\" \/><\/figure>\n\n\n\n<h3><a rel=\"noreferrer noopener\" href=\"https:\/\/www.facebook.com\/auxdixvins45\/?locale=fr_FR\" target=\"_blank\">AUX DIX VINS<\/a> &#8211; Chateauneuf sur Loire (45)<\/h3>\n\n\n\n<p>Le 13 d\u00e9cembre 2024 \u00e0 19h00<\/p>\n\n\n\n<p>7 Av. du G\u00e2tinais<\/p>\n\n\n\n<p>45110 Ch\u00e2teauneuf-sur-Loire<\/p>\n\n\n\n<figure class=\"wp-block-image size-large is-resized\"><img src=\"https:\/\/www.squeeze45.fr\/wp-content\/uploads\/2024\/12\/affiche-aux-dix-vins-1-1024x576.jpg\" alt=\"\" class=\"wp-image-729\" width=\"512\" height=\"288\" srcset=\"https:\/\/www.squeeze45.fr\/wp-content\/uploads\/2024\/12\/affiche-aux-dix-vins-1-1024x576.jpg 1024w, https:\/\/www.squeeze45.fr\/wp-content\/uploads\/2024\/12\/affiche-aux-dix-vins-1-300x169.jpg 300w, https:\/\/www.squeeze45.fr\/wp-content\/uploads\/2024\/12\/affiche-aux-dix-vins-1-768x432.jpg 768w, https:\/\/www.squeeze45.fr\/wp-content\/uploads\/2024\/12\/affiche-aux-dix-vins-1-1536x864.jpg 1536w, https:\/\/www.squeeze45.fr\/wp-content\/uploads\/2024\/12\/affiche-aux-dix-vins-1.jpg 1600w\" sizes=\"(max-width: 512px) 100vw, 512px\" \/><\/figure>\n\n\n\n<figure class=\"wp-block-image size-large is-resized\"><img src=\"https:\/\/www.squeeze45.fr\/wp-content\/uploads\/2024\/12\/affiche-aux-dix-vins-1024x576.jpg\" alt=\"\" class=\"wp-image-730\" width=\"512\" height=\"288\" srcset=\"https:\/\/www.squeeze45.fr\/wp-content\/uploads\/2024\/12\/affiche-aux-dix-vins-1024x576.jpg 1024w, https:\/\/www.squeeze45.fr\/wp-content\/uploads\/2024\/12\/affiche-aux-dix-vins-300x169.jpg 300w, https:\/\/www.squeeze45.fr\/wp-content\/uploads\/2024\/12\/affiche-aux-dix-vins-768x432.jpg 768w, https:\/\/www.squeeze45.fr\/wp-content\/uploads\/2024\/12\/affiche-aux-dix-vins-1536x864.jpg 1536w, https:\/\/www.squeeze45.fr\/wp-content\/uploads\/2024\/12\/affiche-aux-dix-vins.jpg 1920w\" sizes=\"(max-width: 512px) 100vw, 512px\" \/><\/figure>\n\n\n\n<p><strong>Concert Publique, restauration et boissons sur place<\/strong><\/p>\n\n\n\n<h3>F\u00caTE DE LA MUSIQUE &#8211; Bray en Val (45)<\/h3>\n\n\n\n<p>Le 22 Juin 2024 \u00e0 20h30 &#8211; version &#8220;unplugged&#8221; (mais plugu\u00e9e quand m\u00eame \ud83d\ude09 ) avec C\u00e9cile, Jean-Phi et J\u00e9r\u00f4me<\/p>\n\n\n\n<p><em><a href=\"https:\/\/www.google.fr\/maps\/place\/%C3%89glise+Saint-Jacques-Le-Majeur\/@47.8286197,2.3666394,18.12z\/data=!4m6!3m5!1s0x47e5134d9bdd57e1:0xf05b884310aa4625!8m2!3d47.8291727!4d2.3666957!16s%2Fg%2F11c52k65mz?entry=ttu\" target=\"_blank\" rel=\"noopener\">Place de l&#8217;\u00e9glise<\/a><\/em><\/p>\n\n\n\n<p>45460 Bray en val<\/p>\n\n\n\n<p><strong>Concert Publique, restauration et boissons sur place<\/strong><\/p>\n\n\n\n<figure class=\"wp-block-image size-full is-resized\"><img loading=\"lazy\" src=\"https:\/\/www.squeeze45.fr\/wp-content\/uploads\/2024\/12\/fete-de-la-musique-bray-en-val-2024-zoom.jpg\" alt=\"\" class=\"wp-image-731\" width=\"754\" height=\"360\" srcset=\"https:\/\/www.squeeze45.fr\/wp-content\/uploads\/2024\/12\/fete-de-la-musique-bray-en-val-2024-zoom.jpg 1005w, https:\/\/www.squeeze45.fr\/wp-content\/uploads\/2024\/12\/fete-de-la-musique-bray-en-val-2024-zoom-300x143.jpg 300w, https:\/\/www.squeeze45.fr\/wp-content\/uploads\/2024\/12\/fete-de-la-musique-bray-en-val-2024-zoom-768x367.jpg 768w\" sizes=\"(max-width: 754px) 100vw, 754px\" \/><\/figure>\n\n\n\n<h3><a href=\"https:\/\/www.facebook.com\/sully45evenements\">F\u00caTE DE LA MUSIQUE<\/a> &#8211; Ouzouer Sur Loire (45)<\/h3>\n\n\n\n<p>Le 21 Juin 2024 \u00e0 18h00<\/p>\n\n\n\n<p class=\"has-tan-color has-text-color\"><mark style=\"background-color:rgba(0, 0, 0, 0)\" class=\"has-inline-color has-yellow-color\"><a style=\"color: #ffffff; text-decoration: underline;\" href=\"https:\/\/www.facebook.com\/La-Navigue-854737651268468\"><em>BAR LA NAVIGUE<\/em><\/a><em><br><\/em><\/mark><mark style=\"background-color:rgba(0, 0, 0, 0)\" class=\"has-inline-color has-tan-color\">18 rue du grand Sully<br>45600 Sully sur Loire<\/mark><\/p>\n\n\n\n<p><strong>Concert Publique, restauration et boissons sur place<br><\/strong><\/p>\n\n\n\n<figure class=\"wp-block-image is-resized\"><img loading=\"lazy\" src=\"https:\/\/www.lasalvetat31.fr\/wp-content\/uploads\/2017\/03\/logo-fete-de-la-musique.jpg\" alt=\"logo-fete-de-la-musique - Site Officiel de La Salvetat Saint-Gilles\" width=\"475\" height=\"336\"\/><\/figure>\n\n\n\n<h3><a href=\"https:\/\/www.facebook.com\/profile.php?id=100087555229053&amp;locale=fr_FR\" target=\"_blank\" rel=\"noreferrer noopener\">LE DIABOLO<\/a> &#8211; Poily lez Gien (45)<\/h3>\n\n\n\n<p>Le 7 Juin 2024 \u00e0 21h00<\/p>\n\n\n\n<p><a href=\"https:\/\/www.google.fr\/maps\/place\/Le+Diabolo\/@47.6644838,2.6155445,17z\/data=!3m1!4b1!4m6!3m5!1s0x47e55c3e44b3eb75:0x1e0c17bbf7a8b921!8m2!3d47.6644838!4d2.6181194!16s%2Fg%2F1tl7m_wt?entry=ttu\" target=\"_blank\" rel=\"noopener\">BAR LE DIABOLO<\/a><a href=\"https:\/\/www.facebook.com\/La-Navigue-854737651268468\"><br><\/a><a href=\"https:\/\/www.google.fr\/maps\/place\/Le+Diabolo\/@47.6644838,2.6155445,17z\/data=!3m1!4b1!4m6!3m5!1s0x47e55c3e44b3eb75:0x1e0c17bbf7a8b921!8m2!3d47.6644838!4d2.6181194!16s%2Fg%2F1tl7m_wt?entry=ttu\" target=\"_blank\" rel=\"noopener\">200 routes de bourges<\/a><br>45500 Poily lez Gien<\/p>\n\n\n\n<p><strong>Concert Publique, restauration et boissons sur place<br><\/strong><\/p>\n\n\n\n<figure class=\"wp-block-image is-resized\"><img loading=\"lazy\" src=\"https:\/\/www.squeeze45.fr\/wp-content\/uploads\/2024\/05\/diabolo-300x300.jpg\" alt=\"\" width=\"444\" height=\"444\"\/><\/figure>\n\n\n\n<h3><a href=\"https:\/\/www.facebook.com\/ledropkickbarorleans\/\">LE DROPKICK<\/a> &#8211; Orl\u00e9ans (45)<\/h3>\n\n\n\n<p>le 25 Janvier 2024 \u00e0 20h30<\/p>\n\n\n\n<p>37 place du Chatelet<\/p>\n\n\n\n<p>45000 Orl\u00e9ans<\/p>\n\n\n\n<p><strong>Concert Publique, restauration et boissons sur place<\/strong><\/p>\n\n\n\n<figure class=\"wp-block-image size-full is-resized\"><img loading=\"lazy\" src=\"https:\/\/www.squeeze45.fr\/wp-content\/uploads\/2024\/12\/affiche-dropkick-v1.jpg\" alt=\"\" class=\"wp-image-728\" width=\"443\" height=\"620\" srcset=\"https:\/\/www.squeeze45.fr\/wp-content\/uploads\/2024\/12\/affiche-dropkick-v1.jpg 590w, https:\/\/www.squeeze45.fr\/wp-content\/uploads\/2024\/12\/affiche-dropkick-v1-214x300.jpg 214w\" sizes=\"(max-width: 443px) 100vw, 443px\" \/><\/figure>\n\n\n\n<h3><a href=\"https:\/\/www.facebook.com\/sully45evenements\">F\u00caTE DU VILLAGE<\/a> &#8211; Combleux (45)<\/h3>\n\n\n\n<p>Le 27 Aout 2022 \u00e0 22h00<\/p>\n\n\n\n<p><em>COMBLEUX<br><\/em><br>45800 COMBLEUX<\/p>\n\n\n\n<p><strong>Concert Publique, restauration et boissons sur place<\/strong><\/p>\n\n\n\n<h3><a href=\" https:=\">LIVE A LA DEMEURE<\/a> &#8211; Orl\u00e9ans (45)<\/h3>\n\n\n\n<p>Le 03 Juin 2022 \u00e0 19h30<\/p>\n\n\n\n<p><mark style=\"background-color:rgba(0, 0, 0, 0)\" class=\"has-inline-color has-tan-color\"><em><a style=\"color: #ffffff; text-decoration: underline;\" href=\"https:\/\/www.facebook.com\/Demeuresdecampagnesologne\">Demeures de campagne chemins de Sologne<\/a><br><\/em>2 rue Honor\u00e9 de Balzac<br>45100 Orl\u00e9ans<\/mark><\/p>\n\n\n\n<p><strong>Concert Publique, restauration et boissons sur place<br><\/strong><\/p>\n\n\n\n<figure class=\"wp-block-image is-resized\"><img loading=\"lazy\" src=\"https:\/\/www.squeeze45.fr\/wp-content\/uploads\/2022\/06\/novote030622-768x576.jpg\" alt=\"\" width=\"576\" height=\"432\"\/><\/figure>\n\n\n\n<p><a href=\"https:\/\/youtu.be\/L8w4xqh2zSU\"> <\/a><\/p>\n\n\n\n<h3><a href=\"https:\/\/www.facebook.com\/Team-deuch-sologne-107375067515705\">F\u00caTE DE LA MUSIQUE<\/a> &#8211; Cl\u00e9mont (18)<\/h3>\n\n\n\n<p>Le 17 Juin 2022 \u00e0 20h30<\/p>\n\n\n\n<p><mark style=\"background-color:rgba(0, 0, 0, 0)\" class=\"has-inline-color has-tan-color\"><em>BAR DES SPORTS<br><\/em>2 rue Eug\u00e8ne Jamain<br>18410 CLEMONT<\/mark><\/p>\n\n\n\n<p><strong>Concert Publique, restauration et boissons sur place<br><\/strong><\/p>\n\n\n\n<figure class=\"wp-block-image is-resized\"><img loading=\"lazy\" src=\"https:\/\/www.lasalvetat31.fr\/wp-content\/uploads\/2017\/03\/logo-fete-de-la-musique.jpg\" alt=\"logo-fete-de-la-musique - Site Officiel de La Salvetat Saint-Gilles\" width=\"475\" height=\"336\"\/><\/figure>\n\n\n\n<h3><a href=\"https:\/\/www.facebook.com\/groups\/Loiret.Evenements\">COMITE DEPARTEMENTAL (45)<\/a> &#8211; Z\u00e9nith d&#8217;Orl\u00e9ans<\/h3>\n\n\n\n<p>Le 20 Mai 2022 \u00e0 22h<\/p>\n\n\n\n<p><mark style=\"background-color:rgba(0, 0, 0, 0)\" class=\"has-inline-color has-tan-color\"><em><a style=\"color: #ffffff; text-decoration: underline;\" href=\"https:\/\/www.facebook.com\/pages\/Z%C3%A9nith-dOrl%C3%A9ans\/130885830294572\">Zenith d&#8217;Orl\u00e9ans<\/a><br><\/em>1 rue du pr\u00e9sident Robert Schuman<br>45100 Orl\u00e9ans<\/mark><\/p>\n\n\n\n<p><strong>Soir\u00e9e priv\u00e9e<\/strong><\/p>\n\n\n\n<figure class=\"wp-block-image\"><img src=\"https:\/\/www.squeeze45.fr\/wp-content\/uploads\/2022\/05\/zenith.jpg\" alt=\"\"\/><\/figure>\n\n\n\n<h3><a href=\"https:\/\/www.labeltremp.fr\/\" target=\"_blank\" rel=\"noreferrer noopener\">LABEL TREMP<\/a><a href=\"https:\/\/www.facebook.com\/groups\/Loiret.Evenements\"> <\/a> &#8211; Chalette Sur Loing (45)<\/h3>\n\n\n\n<p>Le 23 Avril 2022 \u00e0 21h<\/p>\n\n\n\n<p> 5 rue de la for\u00eat<br>45120 Chalette sur loing<\/p>\n\n\n\n<p><strong><a href=\"https:\/\/www.facebook.com\/labeltremp\/photos\/a.577456222358704\/4688580187912933\/\">Vote du publique attribu\u00e9 \u00e0 Squeeze<\/a><\/strong><\/p>\n\n\n\n<figure class=\"wp-block-image is-resized\"><img loading=\"lazy\" src=\"https:\/\/www.squeeze45.fr\/wp-content\/uploads\/2022\/05\/I87C7357-1024x683.jpg\" alt=\"\" width=\"768\" height=\"512\"\/><figcaption><a href=\"https:\/\/www.facebook.com\/lainlain45\">Cr\u00e9dit Photo : Alain Fauconnier<\/a><\/figcaption><\/figure>\n","protected":false},"excerpt":{"rendered":"<p>NOS CONCERTS PASSES : LE DIABOLO &#8211; Poilly lez Gien (45) Le 24 janvier 2025 \u00e0 20h30 200 route de [&hellip;]<\/p>\n","protected":false},"author":2,"featured_media":0,"parent":0,"menu_order":0,"comment_status":"closed","ping_status":"closed","template":"","meta":[],"_links":{"self":[{"href":"https:\/\/www.squeeze45.fr\/index.php\/wp-json\/wp\/v2\/pages\/427"}],"collection":[{"href":"https:\/\/www.squeeze45.fr\/index.php\/wp-json\/wp\/v2\/pages"}],"about":[{"href":"https:\/\/www.squeeze45.fr\/index.php\/wp-json\/wp\/v2\/types\/page"}],"author":[{"embeddable":true,"href":"https:\/\/www.squeeze45.fr\/index.php\/wp-json\/wp\/v2\/users\/2"}],"replies":[{"embeddable":true,"href":"https:\/\/www.squeeze45.fr\/index.php\/wp-json\/wp\/v2\/comments?post=427"}],"version-history":[{"count":52,"href":"https:\/\/www.squeeze45.fr\/index.php\/wp-json\/wp\/v2\/pages\/427\/revisions"}],"predecessor-version":[{"id":812,"href":"https:\/\/www.squeeze45.fr\/index.php\/wp-json\/wp\/v2\/pages\/427\/revisions\/812"}],"wp:attachment":[{"href":"https:\/\/www.squeeze45.fr\/index.php\/wp-json\/wp\/v2\/media?parent=427"}],"curies":[{"name":"wp","href":"https:\/\/api.w.org\/{rel}","templated":true}]}}